{"id":252,"date":"2016-04-20T15:00:59","date_gmt":"2016-04-20T13:00:59","guid":{"rendered":"http:\/\/www.foggara.fi\/?page_id=252"},"modified":"2020-05-18T11:44:03","modified_gmt":"2020-05-18T09:44:03","slug":"onko-suomi-jaamassa-alustatalouden-junasta","status":"publish","type":"page","link":"https:\/\/www.foggara.fi\/?page_id=252","title":{"rendered":"Onko Suomi j\u00e4\u00e4m\u00e4ss\u00e4 alustatalouden junasta? 4\/2016"},"content":{"rendered":"<p>&#8220;Onko Suomi j\u00e4\u00e4m\u00e4ss\u00e4 alustatalouden junasta?&#8221; -julkaisu on osa Valtioneuvoston selvitys ja tutkimustoiminnan julkaisusarjaa.<\/p>\n<p>Digitaaliset alustat ja alustatalous n\u00e4hd\u00e4\u00e4n merkitt\u00e4v\u00e4n\u00e4 murroksena, joka vaikuttaa my\u00f6s Suomessa toimiviin yrityksiin. T\u00e4ss\u00e4 hankkeessa on haettu vastauksia seuraaviin kysymyksiin:<br \/>\n1. Mill\u00e4 sovellusalueilla Suomessa on parhaat edellytykset digitaalisten palveluekosysteemien ja alustojen syntymiselle? Mitk\u00e4 ovat n\u00e4iden sovellusalueiden vahvuudet ja heikkoudet?<br \/>\n2. Mill\u00e4 toimenpiteill\u00e4 voidaan edist\u00e4\u00e4 digitaalisiin alustoihin perustuvan liiketoiminnan ja uusien ty\u00f6paikkojen syntymist\u00e4 Suomessa ja n\u00e4ihin alustoihin perustuvan liiketoiminnan kasvua ja kansainv\u00e4listymist\u00e4?<\/p>\n<p>Kartoituksen tuloksena muodostui selke\u00e4 k\u00e4sitys siit\u00e4, ett\u00e4 yritykset tiedostavat digitaalisiin alustoihin ja palveluekosysteemeihin liittyv\u00e4n murroksen ja niiden merkityksen, mutta ett\u00e4 yritysten omat suunnitelmat ja strategiat ovat viel\u00e4 muotoutumisvaiheessa.<\/p>\n<p>Vaatimattomasta nykytasosta huolimatta suomalaisilla toimijoilla on kuitenkin hyv\u00e4t edellytykset menestymiselle alustataloudessa, jos olemassaolevat vahvuudet ja osaaminen voidaan kohdentaa erityisesti digitaalisten teollisten alustojen (\u201dB2B2C\u201d) alueelle. T\u00e4m\u00e4 osuu yhteen my\u00f6s EU:n digitaalisia alustoja koskevan toimenpideohjelman kanssa. Julkisen vallan tuleekin kannustaa digitaalisten teollisten alustojen syntymist\u00e4 sek\u00e4 raivaamalla esteit\u00e4 niiden tielt\u00e4 ett\u00e4 osallistumalla aktiivisesti niiden kehitt\u00e4miseen varsinkin julkisten palvelujen osalta ja avaamalla niiden k\u00e4ytt\u00f6\u00f6n julkisten toimijoiden dataa. T\u00e4rke\u00e4n\u00e4 tavoitteena on my\u00f6s innovaatioiden kiihdytt\u00e4minen sit\u00e4 kautta, ett\u00e4 syntyv\u00e4t alustat ovat mahdollisimman avoimia uusien osapuolien ideoille ja nopeille kokeiluille.<\/p>\n<p><a href=\"http:\/\/www.foggara.fi\/wp-content\/uploads\/2016\/05\/VNK_raportti_2016_19.pdf\" rel=\"noopener noreferrer\" target=\"_blank\">Onko Suomi j\u00e4\u00e4m\u00e4ss\u00e4 alustatalouden junasta?<\/a><\/p>\n","protected":false},"excerpt":{"rendered":"<p>&#8220;Onko Suomi j\u00e4\u00e4m\u00e4ss\u00e4 alustatalouden junasta?&#8221; -julkaisu on osa Valtioneuvoston selvitys ja tutkimustoiminnan julkaisusarjaa. Digitaaliset alustat ja alustatalous n\u00e4hd\u00e4\u00e4n merkitt\u00e4v\u00e4n\u00e4 murroksena, joka vaikuttaa my\u00f6s Suomessa toimiviin yrityksiin. T\u00e4ss\u00e4 hankkeessa on haettu vastauksia seuraaviin kysymyksiin: 1. Mill\u00e4 sovellusalueilla Suomessa on parhaat edellytykset digitaalisten palveluekosysteemien ja alustojen syntymiselle? Mitk\u00e4 ovat n\u00e4iden sovellusalueiden vahvuudet ja heikkoudet? 2. Mill\u00e4 toimenpiteill\u00e4 [&hellip;]<\/p>\n","protected":false},"author":1,"featured_media":0,"parent":0,"menu_order":0,"comment_status":"closed","ping_status":"closed","template":"","meta":{"footnotes":""},"class_list":["post-252","page","type-page","status-publish","czr-hentry"],"_links":{"self":[{"href":"https:\/\/www.foggara.fi\/index.php?rest_route=\/wp\/v2\/pages\/252","targetHints":{"allow":["GET"]}}],"collection":[{"href":"https:\/\/www.foggara.fi\/index.php?rest_route=\/wp\/v2\/pages"}],"about":[{"href":"https:\/\/www.foggara.fi\/index.php?rest_route=\/wp\/v2\/types\/page"}],"author":[{"embeddable":true,"href":"https:\/\/www.foggara.fi\/index.php?rest_route=\/wp\/v2\/users\/1"}],"replies":[{"embeddable":true,"href":"https:\/\/www.foggara.fi\/index.php?rest_route=%2Fwp%2Fv2%2Fcomments&post=252"}],"version-history":[{"count":4,"href":"https:\/\/www.foggara.fi\/index.php?rest_route=\/wp\/v2\/pages\/252\/revisions"}],"predecessor-version":[{"id":309,"href":"https:\/\/www.foggara.fi\/index.php?rest_route=\/wp\/v2\/pages\/252\/revisions\/309"}],"wp:attachment":[{"href":"https:\/\/www.foggara.fi\/index.php?rest_route=%2Fwp%2Fv2%2Fmedia&parent=252"}],"curies":[{"name":"wp","href":"https:\/\/api.w.org\/{rel}","templated":true}]}}